j**2. Let p be q(-16). Let a(d) = d - 9. Calculate a(p).
-5
Let o be 4 - 3 - 12/(-3). Let v(w) = 5*w**3 + 40*w**2 - 16*w + 32. Let c(r) = -3*r**3 - 26*r**2 + 11*r - 21. Let g(q) = o*v(q) + 8*c(q). What is g(7)?
-1
Let b(j) = -1 + 2*j - 8*j + 6*j + 6*j. Suppose -18*m = -19*m - 139. Let k = m + 137. Give b(k).
-13
Suppose -2*s - 49 = 3*l - 69, -4*l + 38 = -3*s. Let b(g) = -23*g**2 - 12*g + 1. What is b(s)?
-67
Let v(i) = 3*i + 31*i - 8*i - 66 - 11*i - 10*i. What is v(19)?
29
Suppose 19*y = -8 - 16 + 5. Let k(w) = -2*w - 6. Determine k(y).
-4
Let y(h) be the first derivative of -6*h**2 + 55*h + 41. Give y(6).
-17
Let q(p) = -4*p**3 + 51*p**2 + 27*p + 32. Let u(j) = j**3 + 8*j + 3. Let g(a) = -q(a) - 3*u(a). Calculate g(52).
11
Let g(j) = -1 + 7*j + 7*j**2 - 3 - j + j**3 + 4*j - 3*j. What is g(-4)?
16
Let z(u) = 37*u + 161. Let k(r) = -8*r + 475. Let s be k(60). What is z(s)?
-24
Let p(o) = -13*o**3 + 2*o**2 + 7*o - 7. Let z(k) = -11*k**3 + k**2 + 6*k - 5. Let d(w) = 4*p(w) - 5*z(w). Determine d(-2).
-11
Let j = 474 - 161. Let v = j - 313. Let p(d) = d**3 + d**2 + d - 13. Calculate p(v).
-13
Let w(m) = 30*m - 5. Let b(x) be the third derivative of 19*x**4/24 - x**3/2 - 121*x**2. Let k(q) = -8*b(q) + 5*w(q). Determine k(1).
-3
Let r(l) = l**2 + l - 3. Let w(v) = -5*v - 16. Let k be w(4). Let z = 26 + k. Let p(f) = f**3 + 9*f**2 - 8*f + 23. Let q be p(z). What is r(q)?
9
Let h(x) = -x**3 - 2*x - 2. Let y(p) = -p**2. Let o(b) = -h(b) + 2*y(b). Suppose -8840*g + 4422*g = -4487*g + 138. Give o(g).
6
Let d = -287 + 289. Let r(h) = 49*h - 7*h**2 - 22 + 17*h**2 - 28*h - 4*h**d - 5*h**2. Give r(-22).
0
Suppose -2*f + 7*x = 5*x + 4, -4*x + 1 = -3*f. Let k(z) = -z**2. Let d(i) = i**2 + i. Let q be (1 + 3)/(1 + -2). Let s(h) = q*k(h) - 5*d(h). Give s(f).
-14
Let l(k) = k**3 - k**2 - 6*k + 2. Let g(n) = -357*n + 354. Let i be g(1). Determine l(i).
-16
Let w be (-4)/((-8)/16*(-4 - (-7 - -2))). Let q(y) = 3*y - 5 - 11*y + 2*y + y**2. Determine q(w).
11
Let c be 2/(-1) + (-171)/171. Let q(f) = 5 - 2*f + 2*f + 2*f - 12. Give q(c).
-13
Let f(j) = -j**2. Suppose -32 = 2*u + 2. Let p be 4 + 0 + (u - -13). Suppose 36*w - 34*w = p. Determine f(w).
0
Suppose 49*r - 5637 = -5441. Let q(t) = 25*t**2 - 100*t - 4. Give q(r).
-4
Let z(p) = -p**2 + 7*p + 1. Suppose 2*o = t - 6, 0 = t + 4*t - 5*o - 35. Suppose -4 + 2 = -n. Let k be 6*(-1)/n + t. Calculate z(k).
11
Let c(j) be the second derivative of -1/6*j**4 - 3/2*j**2 + 0 - 1/20*j**5 - 22*j + 1/3*j**3. Calculate c(-3).
0
Let r = -627 - -625. Let o(g) = g**3 - 2*g. What is o(r)?
-4
Let s be 9/12*(-348)/(-9). Suppose -8 = -s*u + 21. Let x(i) = 17*i**2 - 1. What is x(u)?
16
Let d(h) = 9*h**2 - 15*h**2 + h**3 + 4 - 3*h - 6*h. Let k be 0 + 8 - (2 + -1). Let o be k*(-3)/(-2)*2/3. Determine d(o).
-10
Let l(w) = 23*w**2 + 11*w - 48. Let m(n) = -6*n**2 - 3*n + 13. Let g(i) = -4*l(i) - 15*m(i). Give g(3).
-18
Suppose 0*g + 35 = 7*g. Suppose 3*a + 0*a = -4*t - 7, -g*a - 21 = 2*t. Let l(z) = 7*z**t + 6*z + 0 - 6 + 3*z**3 - 2 - 2*z**3. Calculate l(-6).
-8
Let y(n) be the first derivative of -3*n**2/2 - 3*n + 2. Let t(p) = -p**2 - 3*p + 29. Let j be t(6). Let v = 22 + j. Determine y(v).
6
Let f(d) be the first derivative of -1/2*d**2 + 19*d + 241. Give f(12).
7
Let i(r) = 5*r**3 + 45*r**2 - 11*r - 54. Let h(b) = -6*b**3 - 56*b**2 + 14*b + 64. Let t(n) = 9*h(n) + 11*i(n). Give t(9).
27
Let y(a) be the first derivative of -16*a + 0*a**2 + 0*a**3 - 1/4*a**4 - 152. What is y(0)?
-16
Let q(h) = 21*h**2 - 3*h - 2. Let n(x) = -19*x**2 + 3*x + 2. Let g(d) = d**3 + 5*d**2 - 4*d - 28. Let k be g(-4). Let u(v) = k*q(v) + 5*n(v). Determine u(-1).
-12
Let f = -105 + 96. Let l(i) be the third derivative of -i**5/120 - 5*i**4/12 - 4*i**3 - 18*i**2. Let s(c) be the first derivative of l(c). Give s(f).
-1
Let q(t) = -3*t**3 + t - 2. Suppose 6*s + 900 = 16*s. Let p = s - 88. Calculate q(p).
-24
Let w(g) = 4*g + 62. Let k be w(-15). Let j(t) = -k*t + 4 + 1 - 8 + 4 + 2*t**2. Calculate j(2).
5
Let c(l) = l**3 + 1. Let v(k) = k**3 + 20*k**2 + 18*k - 21. Suppose 0 = -z - 12 + 14. Suppose -q = -z*g - 39, 5*g + 49 + 44 = -2*q. Let m be v(g). Give c(m).
-7
Let p be (0 + 25)/(-11 - 189/(-14)). Let k(i) = i**3 - 9*i**2 - 11*i + 12. Give k(p).
2
Suppose -13 + 744 + 159 = -89*o. Let f(y) = -7 + y**2 + 0 + 9*y + 0. Give f(o).
3
Let l(s) = -s**3 + 4*s**2 - 3*s + 3. Let j be l(3). Let w be (27/45)/((-3)/(-20)). Let m(i) = j - 2*i + w*i + i. Determine m(-3).
-6
Let d = -13 - -8. Let i(c) be the third derivative of c**5/60 + c**4/6 + c**3/6 - 3490*c**2. Calculate i(d).
6
Let o(i) = -i**2 - 4*i - 7. Let r = 4629 - 4629. Determine o(r).
-7
Let u(n) = -46*n + 8. Let g(x) = -124*x + 24. Let a(f) = 3*g(f) - 8*u(f). Calculate a(5).
-12
Let a = -52 - -58. Suppose 9*s - 6 = 7*s. Let i(m) = 7*m + s + 6 + m**2 - a. Give i(-5).
-7
Suppose 4*u - 80 = -u. Suppose u*k - 14*k + 8 = 0. Let l be (-10)/(-3) + (-5)/(11 - k). Let x(c) = 2*c - 3. Give x(l).
3
Let v(g) = g**3 + 11*g**2 - 2. Let u(k) = -5*k**2 + 1. Let j(o) = 7*u(o) + 3*v(o). Let c be j(-1). Let t(y) = 9481 + y + 7131 - 16612. What is t(c)?
-4
Let o(c) = -c**2 - 5*c + 24. Let b be o(4). Let x(v) = v**3 + 11*v**2 - 13*v + 4. Calculate x(b).
16
Let z(c) = -3*c**2 - 77*c + 477. Let v be z(-31). Let b(p) = -p**2 - 19*p - 1. What is b(v)?
-1
Let w(r) = -r**3 - 7 - 3546477*r**2 - 36*r - 9 + 3546458*r**2. Calculate w(-17).
18
Suppose -10 = 3*p - 2*p + 3*k, 0 = -p - k. Suppose 153 = p*h + 4*h. Let x(t) = -13*t + 6 + 32*t - h*t. Give x(5).
16
Let y(h) = 12*h - 50*h + 14*h + 12*h + 4 + 11*h. Suppose z - d + 3 - 6 = 0, -3*d + 3 = z. Give y(z).
1
Let d(v) = 6 + 1 + 14*v - 19*v + 5 + 7*v. Calculate d(7).
26
Let g(y) = 18 - 29 + 10 + 17*y. Let u(z) = z**3 - 10*z**2 + z - 7. Let f be u(10). Suppose -f + 2 = -c. Calculate g(c).
16
Let o be (-6)/(54/(-45)) + 2. Let w(i) = 2*i**2 - 13*i - 16. Let j be w(o). Let p(s) = -s**2 - 9*s + 4. What is p(j)?
4
Let f(n) be the first derivative of -2*n**2 + 10*n - 15. Let w be (-3)/1*(-518)/21. Let g = 78 - w. Calculate f(g).
-6
Let s(u) = -7*u + 7. Let r(b) = 5*b - 53. Let k be r(11). Suppose 0 = -5*w + 4*v + 18, 2*w - k*v = 5*w - 24. Give s(w).
-35
Suppose 788*c + 5817 - 459 = -105*c. Let p(h) = 2*h**3 + 8*h + h**3 + 7*h**2 - 2*h**3. Calculate p(c).
-12
Let m(l) be the first derivative of 11/2*l**2 - 2 - l. Let x(s) = -s**3 + 16*s**2 - 58*s + 35. Let i be x(11). Determine m(i).
21
Let k(w) = w**3 - 6*w**2 + 6*w - 4. Suppose x = 6*x - 4*f - 10, 0 = -5*x + 2*f + 10. Suppose -6 = -3*v, -x*n + 3*v = -4*n + 14. Determine k(n).
-12
Let u(f) = 8*f - 12 + 10*f + 6*f - 26*f. Let v(t) = -2*t - 10. Let y(i) = -4*u(i) + 5*v(i). Determine y(5).
-12
Let u(k) be the second derivative of -k**4/12 + 11*k**3/2 - 15*k**2/2 + 1429*k. Calculate u(32).
17
Suppose 0 = -2*g + 10, -3*g = 3*q - 6*q - 15. Suppose -2*i + 0*i + 10 = q. Let o(j) = 3802 - 950 - 950 - 952 - 47*j + 46*j - 948. Give o(i).
-3
Let p(o) = 7 - 11*o**2 + 12*o**2 - 295*o**3 - 7*o**2 - 2*o + 294*o**3. Give p(-3).
-14
Let s(q) = -4*q - 134. Let h(z) = 8*z + 207. Let o(w) = -3*h(w) - 5*s(w). Calculate o(13).
-3
Let t(w) = -w**2 + 9*w - 7. Suppose 9 = 5*u - 6. Suppose -4*m - 8 = -4*a, -a + 2 - u = -2*m. Determine t(a).
13
Let a(o) = -o + 2. Let n(r) = 2*r + 17. Let z(d) = -3*a(d) + 3*n(d). What is z(-9)?
-36
Suppose -21*g + g - 31 = -231. Let x(y) = -48*y + 475. Give x(g).
-5
Let s(d) = 3*d - d**2 + 2218*d**3 - 2217*d**3 + 2*d**2 - 2*d + 13*d**2 + 21. Calculate s(-14).
7
Let b(c) = -31*c + 2*c**2 + 64*c - 29*c. Let f be b(-3). Let g(k) = 4*k + 3*k + f - k - 3*k. What is g(5)?
21
Let w(o) = -11. Let h(y) = 16. Let t(j) = 2*h(j) + 3*w(j). Let r(x) = x + 5. Suppose 6*d = 2*d + 4. Let n(k) = d*r(k) + 6*t(k). What is n(2)?
1
Let h = 2777 + -2771. Let b(l) = l**2 + l**2 + 10 - 8*l - 5 - l**2. Determine b(h).
-7
Let h(d) = d**2 - 2*d - 2. Let v(y) = y + 1. Let b(a) = 11*a + 15. Let m(l) = -4*b(l) + 36*v(l). Let j be m(-9). Let q = j - 44. Determine h(q).
6
Let b(u) = u**2 - 11*u - 11. Let w(k) = 2*k**2 - 22*k - 22. Let h(q) = 5*b(q) - 3*w(q). Let c(d) = d**3 + 5*d**2 + 2*d. Let g be c(-3). Give h(g).
-1
Let a be (-6)/((-36)/285) + (-2)/(-4). Let n = 51 - a. Let t(r) = -2*r**2 + 3*r**3 + n*r - 108 + 107 - r. Calculate t(1).
2
Let m(i) be the second derivative of -2*i*